(14/h)/((-2)/(-10))?
2
Let i(u) be the second derivative of -11*u**3/6 + u**2/2 + 3*u. What is the units digit of i(-1)?
2
Let i(s) = 6*s - s + 0*s**3 - 2*s**3 + s**3 + 5 - 4*s**2. What is the units digit of i(-5)?
5
Let r = -13 + 11. What is the tens digit of ((-25)/r)/(1/2)?
2
What is the units digit of -2 - (6/(-33) + (-2748)/11)?
8
Let l(j) = 7*j - 14. Let o be l(5). Suppose -3*y = -5*n + 173, -n = 2*y - o - 24. What is the tens digit of n?
3
Suppose 0*f - 2*f = -4. Suppose -f*l = -l. Let g = l + 3. What is the units digit of g?
3
Suppose x - 180 = -5*x. What is the units digit of x?
0
Let l = 76 + -49. Suppose n - 4*c - 21 = 0, -l = -2*n + 5*c - 2*c. What is the units digit of n?
9
Let g be 46*(0 + (-2)/(-4)). Let p = g - -7. What is the units digit of p?
0
Let y be (66/(-24))/(1/4). Let a be 79/11 - (-2)/y. Let s = 15 - a. What is the units digit of s?
8
Suppose 2*h - 2*r - 10 = 3*r, -10 = -2*h - 3*r. Suppose 0 = -h*f + 2 + 8. What is the units digit of f + 3 + -6 + 7?
6
Suppose i - 28 = -i. Suppose -2*j = -50 + i. What is the units digit of j?
8
Let k = -26 + 108. What is the tens digit of k?
8
Let r = -2 - -6. What is the units digit of r?
4
Let p be (-54)/(-7) - (-4)/14. Let t = -5 + p. Suppose -2*s = 5*i - 43, t*i = 3*s + 7*i - 47. What is the units digit of s?
9
Let h(w) = -w**3 + 10*w**2 - 8*w - 9. Let k be h(9). Suppose -5*l = d - 4*d + 13, k = -4*d + 4*l + 28. What is the units digit of d?
1
Let m(q) = -18*q + 13. What is the hundreds digit of m(-11)?
2
Let z be 4/14 - 278/(-7). Suppose 2*u + 3*u - z = 0. What is the units digit of -1 - 1 - (-5 - u)?
1
Suppose -s + 5 = 0, 0*o - 4*s = o - 20. Suppose b - 13 - 3 = o. What is the tens digit of b?
1
Let t = 208 - 89. What is the hundreds digit of t?
1
Let w(r) = 27*r + 1. Let a be w(1). Suppose -2*g + a = -0*g. What is the units digit of g?
4
Let q(k) = -k**2 + k + 3. Let v be q(0). Suppose p + v = -d + 1, -6 = 2*p. What is the units digit of d?
1
Suppose -4*o + 5*b + 244 = 0, 3*o + 10 = -5*b + 193. What is the tens digit of o?
6
Let a be ((-6)/4)/((-3)/4). Let x = 0 - -1. Suppose x - 7 = -a*j. What is the units digit of j?
3
Suppose -l + 14 = 3*c, -3*c + 28 = 3*l + 4. Suppose c*y - 15 = -0*y. Suppose -11 - 14 = -y*r. What is the units digit of r?
5
Let c(t) = 3*t - 4. Let k be c(3). Suppose 47 = k*z + 7. What is the units digit of z?
8
Let a(q) = -q**3 + 3*q**2 + 5*q. What is the units digit of a(4)?
4
Let l(h) = 3*h + 16. What is the units digit of l(9)?
3
Suppose 34*b = 29*b + 75. Suppose -g + 11 + 1 = -3*n, 3*g - 24 = 5*n. Suppose u = -x + 5*x + b, -g*x + 15 = 3*u. What is the units digit of u?
7
Let l(y) = y**2 + 5*y + 4. Let u be l(-5). Suppose k - u = 0, k - 16 = -4*h - 4. Suppose z - 37 = -5*o + 4*z, 0 = h*z - 2. What is the units digit of o?
8
Suppose 0 = -0*f + 2*f - 120. Suppose -5*g = 4*y - f, -3*y + 2 = 4*g - 45. Suppose -3*h = -4*h + g. What is the units digit of h?
8
Suppose -18 = -5*y - 128. Let g = -3 - y. What is the units digit of g?
9
Suppose -y = -d + 41, -d - 5*y + 59 = -0*y. Suppose 3*s + 4*w + 1 + 19 = 0, 0 = -s + w - 16. What is the units digit of d/6*(-18)/s?
1
Let f(i) = 9*i + 3. Suppose -2*k + 6*k = 16. What is the units digit of f(k)?
9
Suppose 2*i = -2*i - 88. Let r = -16 - i. What is the units digit of r?
6
Suppose h - 4*h - 5*q + 928 = 0, q - 920 = -3*h. What is the tens digit of h?
0
Suppose -x - 4*u = 3*x - 84, -3*x + 73 = 5*u. What is the tens digit of x?
1
Let a be (-30)/(-9)*18/5. Let t = 18 - a. Let g = t + -3. What is the units digit of g?
3
Let f be 4/2 + 0 + -6. What is the units digit of (-2 + 3)*f + 15?
1
Suppose l + 6 = 2*z - 3*z, 4*l - z = -39. Let r = 22 - l. What is the tens digit of r?
3
Suppose 1 = -3*x - 4*t - 26, -5*t - 30 = 3*x. Let r = 7 + x. Suppose 2*b + 16 = 5*v, -4*b + r + 2 = -v. What is the units digit of v?
4
Let n = 106 + 47. What is the tens digit of n?
5
Suppose -5*d - 1 = -2*b, -2*b - 4 = -0*b. Let i be (-1)/(d/(-4)*-2). Let x = i + 4. What is the units digit of x?
6
Let t(w) = w**3 - 10*w**2 + 10*w - 3. Let s be t(9). Let l be s/15*(0 - 5). What is the units digit of ((-5)/10)/(l/24)?
6
Let q = 4 - 0. Suppose -o - q = -22. What is the tens digit of o?
1
Suppose -3*o + 5*z = -0*z - 229, 217 = 3*o + z. What is the tens digit of o?
7
Suppose 5*s + x = -2*x + 27, -x = -4*s + 8. What is the units digit of s?
3
Suppose 0 = -6*w - 14 + 44. Suppose 0 = -d - w*m + 45, 2*m - 19 - 64 = -3*d. What is the tens digit of d?
2
Let k(w) be the first derivative of w**4/4 + w**3/3 - 3*w**2/2 - w - 2. Let h be (-2)/8 + 35/(-20). What is the units digit of k(h)?
1
Let c = -4 - -4. Suppose 0 = 3*o + 6 - c. Let a = 4 + o. What is the units digit of a?
2
Let q(p) = p**3 + 7*p**2 - 9*p - 7. Let z be q(-8). Suppose -c = 2*c + 4*j - z, -3*j - 1 = 2*c. What is the units digit of c?
7
Suppose 4*i = 3*i + 5. Let g be (-7)/(-21)*(-1 - -1). Let d = i - g. What is the units digit of d?
5
Let x(b) = b**2 + 2*b - 3. Let f be x(-4). Suppose y = f*y - 56. What is the tens digit of y?
1
Suppose -4*a = 0, -2*f - 4*a = -8*a - 62. Let r = f - 22. What is the units digit of r?
9
Let q be (1/2)/(10/20). Let u = -7 - -11. What is the units digit of u/q - -2*1?
6
Let h(u) = u**2 + 2*u. Let q be h(2). Let v(t) = t**3 + 11*t**2 + 10*t - 6. Let k be v(-10). Let x = q + k. What is the units digit of x?
2
Let x = 47 + 29. Let v = x + -42. What is the tens digit of v?
3
Let j be (-20)/(-12)*(0 + 3). Suppose w + 0*w = -4*y - 3, -3*y - 54 = -j*w. What is the units digit of w?
9
Suppose 0 = -2*r - z, -2*z + 7*z = -5*r - 10. Suppose -g + r*n + 10 = g, n + 13 = 3*g. Suppose 4*i - 16 = g. What is the units digit of i?
5
Let c(d) = 13*d**2 - 1. Let x be c(1). Let b be 2/(-6) + 4/x. Suppose -3*s + 12 = -b*s. What is the units digit of s?
4
Let n be (-9)/6 + (-266)/(-4). Suppose 2*o = 2*d - 2*o - 38, 4*d + 3*o - n = 0. What is the tens digit of d?
1
Suppose -5*l - 3 = -2*w, -l = 3*w + 12 + 9. What is the units digit of 18 - -2*3/w?
7
Suppose -3*t - 154 = -8*t + q, 0 = 5*t - 3*q - 162. Let d = t + -20. What is the units digit of d?
0
What is the units digit of (2/5)/(8/640)?
2
What is the units digit of (-1)/(-5) + (-645)/(-25)?
6
Suppose 0*c - 6 = -3*n + c, 4*n + 4*c - 8 = 0. Suppose -n*m - 5 - 5 = 2*w, -5*w - 22 = 4*m. Let u = m + 8. What is the units digit of u?
5
Let q = 3 + -3. Suppose q = -3*p - p - 4. What is the units digit of 7 + -1 - (-2)/p?
4
Suppose 4*f + q = -10 - 1, 10 = -2*f - 2*q. Let z = f + 2. Let g = 5 - z. What is the units digit of g?
5
Let n = 284 - 169. What is the hundreds digit of n?
1
Let y = -27 + 36. What is the units digit of y?
9
What is the tens digit of ((-5)/(-20))/(3/1068)?
8
Let u = 8 - 5. Suppose 4*n + q - 72 = 0, -2*n + 36 = -4*q + u*q. What is the units digit of n?
8
Suppose 5*w - 220 = -0*w. Suppose -5*c + 16 = -z, 5*z - w = -5*c - 4. Let b(v) = v**2 - 4*v + 5. What is the units digit of b(c)?
5
Let u(h) = 9*h**2 - 6. What is the tens digit of u(2)?
3
What is the tens digit of 79*(4 + (-3)/1)?
7
Let p = 4 + -1. Suppose -p*u - 3 = -42. What is the tens digit of u?
1
Let j = 25 + 200. What is the tens digit of j?
2
Suppose 1 = 2*d + 3. Let m = 3 - d. What is the units digit of m?
4
Let d = -2 + 2. Let z(f) = -f**2 + 3. Let l be z(d). Suppose l = -5*x + 18. What is the units digit of x?
3
Suppose -f + i = 2*f - 16, i - 2 = 0. Suppose 2*t - f*t = 0. Suppose j - 1 - 2 = t. What is the units digit of j?
3
Let b = 109 + -72. What is the units digit of b?
7
Let d be (1 + 13/(-5))*-5. Suppose 7 = -f - d. What is the units digit of (-140)/f + 1/(-3)?
9
Suppose -4*l + 1068 = 4*p, -4*l + 1092 = 4*p - 8*l. What is the hundreds digit of p?
2
Let x(z) be the first derivative of -z**2/2 + 11*z - 5. What is the units digit of x(8)?
3
Let b(m) = m**3 - m**2 + m - 1. Let z be -2 + 2/1 + 2. Let x be b(z). Suppose c - x*c + 36 = 0. What is the units digit of c?
9
Suppose 2*q = 6*q - 32. Suppose 2*y + q = -2*y, -3*d = -4*y - 38. Let r = d - 2. What is the units digit of r?
8
Let q(b) = b**2 + 9 - b - 2*b**2 + 8*b. Let i be q(8). Let o(n) = 11*n. What is the tens digit of o(i)?
1
What is the tens digit of 82 + (-2)/(-4)*-2?
8
Let l = 3 - 3. Suppose -3*n - 2*n + 20 = l. What is the units digit of (-2 - n/(-3))*-3?
2
Let i(m) = -m**2 + 16*m - 3. What is the uni